). Calculate g(i).
4
Let h(b) = -6*b**2 + 3*b + 16. Let m(v) = 5*v**2 - v - 15. Let k(c) = 4*h(c) + 5*m(c). Suppose -4*x = -p - 12, -24 + 5 = 2*p - 3*x. What is k(p)?
-3
Suppose -u - 344 + 333 = -3*z, -3*u = -4*z + 13. Let y(i) = -i - 11*i**3 + 1 - 11*i**3 - 2*i**3 + 2*i**3. Give y(u).
-22
Let r be ((-34)/(-4) - 0) + 237/(-158). Let i(t) = 30 - 35 + 9 - t**2 + r*t. What is i(6)?
10
Suppose -5*w - 5*v - 5 = 0, -3*w + 5*v + 7 = -14. Let x(h) be the first derivative of -2*h + 20 + w*h**2 + 1/3*h**3. Calculate x(-3).
-5
Suppose 4*i + 7 = 35. Suppose 2*f = -5*o + 26, 21*f = 2*o + 23*f - 8. Let h(c) = -8 + o*c**2 - 2*c**2 + i + 4*c + c**3. Calculate h(-4).
-17
Let u be (-13 + 6 - 360/(-48))*(0 + 0). Let d(r) = -2*r + 18. Give d(u).
18
Let k(u) = 209*u**2 - u**3 - 50*u**2 + 0*u**3 - 78*u**2 + 19*u - 84*u**2. Give k(-6).
-6
Let b(c) = -c**3 + 4*c**2 - c + 1. Suppose 9*l = 11*l - 4. Suppose 0 = f - 18 + 9. Suppose -i = l*i - f. Determine b(i).
7
Let l(c) = -5*c - 1. Let b be l(-1). Suppose -b*u - 24 = -6*u. Let q = 11 - u. Let m(w) = w**2 + w. Calculate m(q).
0
Let a(y) = y**2 - 24*y - 17. Let x be (-1)/2*(-158 + 108). What is a(x)?
8
Let s(n) = -21 - 212538*n + 106269*n + 106276*n. Determine s(9).
42
Suppose 0 = 23*p - 263 + 401. Let v(l) = -l**3 - 7*l**2 + l + 4. Determine v(p).
-38
Let q = -6566 + 6564. Let f(t) = 16*t**2 - 4*t - 6. Calculate f(q).
66
Let w(n) be the second derivative of -1/3*n**3 + 2*n - 1/2*n**2 + 3 + 3/4*n**4. Let d(q) = q**2 - 1. Let c be d(0). What is w(c)?
10
Let j(i) = -231*i - 7*i**2 - 31 + 123*i + i**3 + 93*i. Calculate j(9).
-4
Let q = 7446 + -7442. Let i(p) be the second derivative of -1/12*p**q - 1/3*p**3 + 5/2*p**2 + 21*p + 0. What is i(-4)?
-3
Let o(m) be the third derivative of -m**6/120 + m**5/30 - m**4/8 + m**3/6 - 20327*m**2. Let j be 5/(15/(-2))*3. Let q = 4 + j. What is o(q)?
-5
Let f(r) = 32*r**2 + 9*r + 74. Let n(a) = 13*a**2 + 6*a + 37. Let c(y) = -2*f(y) + 5*n(y). What is c(-5)?
2
Let t = -1035 - -1031. Let a(r) be the third derivative of -r**5/60 - r**4/12 + 5*r**3/6 + r**2. Calculate a(t).
-3
Let s(i) = -178302 - 19*i - 18*i + 177892. What is s(-11)?
-3
Let f(y) = -y**2 + 6*y - 1. Let j = -53 - -39. Let s be 0 + 0 + 0 - j. Let c(m) = -2*m + 32. Let u be c(s). Calculate f(u).
7
Let h(u) be the third derivative of 0*u + 1/180*u**6 + u**2 + 0 - 1/30*u**5 - 1/24*u**4 - 1/2*u**3. Let q(z) be the first derivative of h(z). Give q(3).
5
Let y(u) = u**3 - u**2 + u. Let q = -310 - -309. Let n be q + 9/15 + (-120)/(-50). Give y(n).
6
Let m(w) = w**3 + 12*w**2 - w - 6. Let q be m(-12). Let o(k) = -88*k + 41*k + 40*k - q. Determine o(-6).
36
Suppose -48 = 3*k - 60. Suppose -2*j - k*s + 9*s = 5, -3*s = -3*j + 15. Let w(b) = -b**3 + 10*b**2 + 6. Calculate w(j).
6
Let w(d) = 12*d + 4*d + 2 - 12*d - 4. Suppose 0*g = -g - 26. Let h = g - -28. Determine w(h).
6
Suppose 13*z = 16*z + 18. Let g be -1*(6 - (z - -11)). Let i(l) = -37*l**3 - 2*l**2 + 1. What is i(g)?
36
Let n(s) = -s**3 - 3*s**2 - 3*s + 1. Let t(c) = c**2 + 17*c - 42. Let k be t(-19). Let f be 3*(-1)/k*-4. What is n(f)?
10
Let w(p) = 3*p + 4*p + 29 + 2*p - 22 - 8*p. Suppose 4 = -t + 4*y, 0 = -2*t + y + 3 - 11. Give w(t).
3
Let v(u) = 15*u**2 - 49*u**2 - 372 + 14*u**2 - 13*u + 16*u**2 + 363. What is v(-4)?
-21
Let j(m) = 5*m + 79. Let c be j(-17). Let v(i) = 5*i**2 - 15*i + 4. Let z(r) = 6*r**2 - 16*r + 6. Let t(b) = c*z(b) + 7*v(b). Determine t(-9).
-8
Suppose z + 11 = -100*c + 97*c, 0 = -3*c + 3*z - 3. Let a(s) = 2*s**3 + 8*s**2 + 7*s + 10. What is a(c)?
7
Let q(k) be the third derivative of -k**5/30 - 5*k**4/24 - k**3/2 - k**2 - 75. Give q(-3).
-6
Let j(t) = -88 + 167 + 11*t - 8*t - 13*t - 9*t. Calculate j(7).
-54
Let d(z) = -2*z - 25. Let k(p) = -8*p - 295. Let j(m) = -8*d(m) + k(m). Calculate j(12).
1
Let f(m) = 5*m**3 + m. Let a = -11 - -17. Let w be 45/20 + a/8. Suppose 4*d + 9 = -w*t - 2, -3*t = 15. Give f(d).
6
Let h(k) = -5*k + 11*k - 11*k - 15*k - 3 - 19*k. Let s(a) = 25*a + 2. Let f(w) = -5*h(w) - 8*s(w). What is f(1)?
-6
Let m be -3*((-64)/(-12))/(-2). Let b(d) = -7*d + 28. Let p(n) = -22*n + 88. Let c(k) = -19*b(k) + 6*p(k). Calculate c(m).
4
Let n(i) = 20*i**3 + 40*i**2 - 57*i - 132. Let w(f) = -9*f**3 - 20*f**2 + 28*f + 65. Let g(a) = 4*n(a) + 9*w(a). Give g(-21).
-6
Let i be 102/(-4) + (-21)/(-14). Let c(j) = j**3 + 27*j**2 + 73*j + 21. Let m be c(i). Let k(w) = w**3 + 2*w**2 - w + 2. Give k(m).
-4
Let f(n) = n**2 - 6*n + 3. Let u(s) = s. Let k be u(6). Suppose x - 3 = -4*x + y, 2*x + 2*y = -k. Suppose 5*r - 11 - 19 = x. Give f(r).
3
Let d(q) be the first derivative of q**2 + 9*q - 62. Let j(w) = w**2 - w + 1. Let b(x) = -d(x) - j(x). Calculate b(0).
-10
Let d(f) be the second derivative of -13*f**4/6 + f**3/6 + f**2/2 - 5*f - 38. Calculate d(1).
-24
Let f(w) = -5 + 10*w + 3*w**2 - 4*w**2 - 14*w + 17. Let o(g) = 35*g - 41. Let d be o(1). Determine f(d).
0
Let j(u) be the third derivative of 5/24*u**4 + 1/60*u**5 + 0*u + 67*u**2 - 7/6*u**3 + 0. What is j(-5)?
-7
Let m(s) be the first derivative of -145 + 3/2*s**2 + 1/4*s**4 - 7/3*s**3 - 6*s. Determine m(7).
15
Let m(h) = 16*h + 5. Suppose 56*d + 438 = 100*d + 102*d. Determine m(d).
53
Suppose -9*r = 4*r - 26. Let l(y) = -4 - y + 3 + 0*y**3 - y**3 + 2 - 2*y**r. What is l(-2)?
3
Let d(v) be the first derivative of v**4/4 - 14*v**3/3 - 6*v**2 - 35*v - 117. What is d(15)?
10
Let t(p) = 6*p + 67. Let s be t(0). Let z(r) = -s + 29 + 2*r + 29. Determine z(7).
5
Let x(b) = -11*b - 331*b**3 + 665*b**3 + 4*b**2 - 333*b**3 + 5. Calculate x(-6).
-1
Let s(g) be the first derivative of -4*g + 176 - 1/3*g**3 + 7/2*g**2. Give s(5).
6
Let d(u) = -u**2 + u**3 - u**3 - u**3. Let z be d(-1). Let m(g) = 2*g**3 - 2595 + g + g**2 + 2587 - 2*g - 3*g**3. Determine m(z).
-8
Let a(u) = -5*u + 18. Let b(m) = -17*m + 57. Let n(t) = 10*a(t) - 3*b(t). Suppose -2*g - 4 = -g. Determine n(g).
5
Suppose 3*r - 13 + 10 = 0. Suppose 7 - r = 5*s + n, s + 3*n = -10. Let j(t) = 2 + 42*t**3 + 5*t**s - 1 + 5*t - 43*t**3. Give j(6).
-5
Let l(a) = a**2 - 13*a - 12. Let d(v) = v**2 - 204*v + 1582. Let u be d(8). Calculate l(u).
2
Let l(f) = -4*f - 77. Let m(q) = q**2 + 59*q - 1596. Let n be m(20). Determine l(n).
-13
Let b(w) = 2*w**2 + 4*w - 4. Let m(n) be the third derivative of -3*n**4/8 - 67*n**3/6 - 51*n**2. Let x be m(-9). Suppose 6*v + x = -10. Give b(v).
12
Let l = -229 + 234. Suppose 7*f - 5*f - 4*k + 12 = 0, l*f = k - 12. Let g(j) = -j**2 + 5*j + 5. What is g(f)?
-9
Let x(o) be the first derivative of -o**3/3 - 9*o**2/2 - 4*o + 3942. Let m be 3*((-22)/6 + 1). Calculate x(m).
4
Let i(v) be the first derivative of -v**3/3 - v**2/2 - 206*v + 199. Let z(h) be the first derivative of i(h). Calculate z(9).
-19
Let y(v) = -6 + 3*v**2 + 9 - 2*v**2 + v. Suppose 312*m - 264*m = 0. Calculate y(m).
3
Let w(g) = g. Let c(j) be the third derivative of j**6/60 - j**5/30 - j**3/6 - j**2 + 27*j. Let v(i) = -c(i) + 2*w(i). Calculate v(-1).
3
Let w = -39 - -36. Let a(m) = -4*m + 6. Let i(s) = 7 + 5*s - 7*s - 3*s. Let d(l) = w*i(l) + 4*a(l). Give d(6).
-3
Let g(f) = f**2 - 20*f - 17. Suppose 29*s - 100 = 24*s. Calculate g(s).
-17
Suppose 0 = 10*o - 895 + 905. Let t(c) = -11*c + 5. Determine t(o).
16
Let z(v) = -2*v**3 + v**2 - 10. Let s(g) = 4*g**3 - g**2 - 2*g + 40. Let q(i) = s(i) + 4*z(i). What is q(1)?
-3
Let f(c) = c**2 + 7*c + 7. Suppose -5*i - 478 = -4*u, 5*i - 3*u = -8*u - 505. Let y = 205 + -113. Let g = y + i. Give f(g).
1
Let s(h) = 2*h + 26. Suppose -557 + 857 = -20*r. Give s(r).
-4
Let h(p) be the first derivative of p**2/2 - 15*p + 513. Give h(-7).
-22
Let h(v) = -v**2 + 3*v + 3. Let m = 101 + -106. Let y be (0 - m)/(-1*(1 + -2)). Calculate h(y).
-7
Let a(z) = z + 25*z - 344 + 8*z - 369. Give a(21).
1
Let q(d) = -3*d**3 - 2*d**2 - 3*d + 5. Let n(s) = -14*s**3 - 7*s**2 - 13*s + 21. Let b = 303 - 312. Let r(l) = b*q(l) + 2*n(l). Determine r(3).
9
Let j(s) be the first derivative of 2*s - 90 + 2/3*s**3 + 5/2*s**2. What is j(-3)?
5
Let x(p) = 5*p**3 - p**2 + 4*p - 12. Let u = 226 + -220. Let w(j) = 9*j**3 - j**2 + 7*j - 23. Let n(y) = u*w(y) - 11*x(y). Determine n(5).
-16
Let a = -2804 - -2805. Let c(n) = 38*n**3 + n**2 - 2*n + 1. Calculate c(a).
38
Let z(m) = 29*m + 1179. Let r(b) = -24*b - 1180. Let u(p) = 8*r(p) + 9*z(p). Calculate u(-1